-3*g - b = -7*g. What is the units digit of g?
3
Suppose -8*j + 15 = -5*j. What is the units digit of j?
5
Let p(n) = -4*n - 3. Let z(g) = 9*g + 7. Let t(j) = -14*p(j) - 6*z(j). Let l be 1/(-1)*(-2 - 3). What is the tens digit of t(l)?
1
Let m = 37 + 62. Suppose 0*w + m = 3*w. What is the tens digit of w?
3
What is the units digit of (-4)/(-6) + 49/3?
7
Let c be (-1)/(0 - (-1 + 0)). Let z = c - -9. What is the units digit of z?
8
Let j(n) = -2 - n - 2 + 3. Let c = -12 - -8. What is the units digit of j(c)?
3
Let j(x) be the second derivative of -x**4/12 + 11*x**3/6 - 9*x**2/2 - 2*x. Suppose 0 = h - 2*h + 8. What is the tens digit of j(h)?
1
Let x = 1 - 0. Suppose -5*q = -x - 4. What is the tens digit of (11 + q)*(-12)/(-8)?
1
Suppose 4*q + 2*k = 205 - 49, -3*k = 4*q - 156. What is the tens digit of q?
3
What is the units digit of -2*6/(-20) - (-2214)/10?
2
Let l(d) = 11*d + 3 + 0 + 12 - d**2 - 1. What is the units digit of l(12)?
2
Let x be (-2)/4*2 - -3. Suppose -7 = x*w - 3*r, 4*w + 3 = 4*r - 1. Suppose 45 = i + w*i. What is the units digit of i?
9
Let m(j) = -j**3 - 4*j**2 - j + 1. Let q be m(-4). Suppose q*a - 24 = 4*v, -2*a + 2*v + 8 + 0 = 0. What is the units digit of a?
8
Let d(r) = 6*r - 8. What is the units digit of d(6)?
8
Let v = 0 - -1. Let j = 4 - v. Suppose -5 = -c - r, j*c + 0*r - r = 3. What is the units digit of c?
2
Suppose -3*z = 12, 3*t - 4*z + z = -6. Let a = t - -27. What is the tens digit of a?
2
Let k = 4 - 0. Suppose -k*g + 4*h + 60 = 0, 5 = 4*h - 11. What is the units digit of g?
9
Let y be 1/4 - (-3)/4. Let l = y - 0. Let r(n) = 3*n**2 + n. What is the units digit of r(l)?
4
Let q(x) = 3*x**2 - 3*x - 1. Let n(i) = -5*i**2 + 5*i + 1. Let u(w) = -5*n(w) - 8*q(w). What is the units digit of u(-4)?
3
Let c(m) = m**3 - 11*m**2 + m - 9. Let u be c(11). Suppose -4*g - u = -5*g. What is the units digit of g?
2
Let k = 19 + -15. Suppose -5*a - k*g = -74, a + 3*a + g = 68. What is the units digit of a?
8
Suppose -15 = -4*s - a, -a - 7 = -3*s - 1. Let f = 7 - s. Suppose -21 + 61 = f*w. What is the tens digit of w?
1
Let d(m) = m + 2. Let w be d(-2). Let r(s) = s**2 + w*s**2 + s - 2*s. What is the units digit of r(2)?
2
What is the hundreds digit of (28 + 217)*(-12)/(-10)?
2
Let r be 134/4 - 3/(-2). Suppose 5*q - q = h - r, -2*q = -3*h + 75. What is the units digit of h?
3
Let h = 0 + -1. Let k be (-2)/9 + 16/72. What is the units digit of h - (-36)/3 - k?
1
Suppose -3*g = 2*a + 13 + 28, 2*a + 5*g = -39. Suppose 3*q - 3 = -42. Let h = q - a. What is the units digit of h?
9
Suppose -2*o - 7 + 21 = 0. What is the units digit of o?
7
Let w be (-3 - 1)*(-2)/4. Suppose -3*g + 5*o - 6 = -0*g, -3 = -w*g + o. Suppose g*s = -2*s + 15. What is the units digit of s?
3
Let c(b) = b**2 - 23*b + 41. What is the hundreds digit of c(28)?
1
Let f(p) = p**3 + 5*p**2 - 6*p + 1. Let z be f(-6). Suppose 2*d - 19 - z = 0. What is the tens digit of d?
1
Let w(l) = -3 + 4*l**2 - l**2 - 3*l - 9*l**3 + 8*l + 8*l**3. What is the units digit of w(4)?
1
Let d(v) = -v**2 + 138. What is the units digit of d(0)?
8
Suppose 2*c + 17 = 55. What is the units digit of c?
9
Suppose -20 = -3*u - u. Suppose -4*j + 2*j - 4*q + 18 = 0, j = -u*q + 3. What is the tens digit of j?
1
Let u = -268 + 707. What is the units digit of u?
9
Suppose 15 = -6*o + o + 3*b, -b + 5 = o. Suppose 5*c = o, 0 = v + v - 5*c - 30. What is the tens digit of v?
1
Let n = 26 - -28. Let r = 12 + -5. Suppose r*g = 4*g + n. What is the units digit of g?
8
Suppose 2*x = -0*x - 88. Let o = 27 + x. Let u = o + 29. What is the units digit of u?
2
Suppose f - 484 = -f - 4*v, 3*f + 2*v = 718. Let s be f/(-10) - (-2)/(-10). Let b = s - -42. What is the units digit of b?
8
Let r = -32 + 99. What is the tens digit of r?
6
Let l(z) = -18*z - 5. What is the units digit of l(-3)?
9
Suppose 0 = -l + 3*t + 165, -t = 3 - 6. What is the units digit of l?
4
Suppose -7*o + o = -732. What is the tens digit of o?
2
Let l(j) = -j. Let q(m) = m**2 + 11*m - 10. Let r(w) = -2*l(w) - q(w). What is the tens digit of r(-7)?
2
Suppose -532 = 5*p - 9*p. What is the hundreds digit of p?
1
Let s(q) = -5*q - 26. What is the units digit of s(-14)?
4
Let g(l) = 3*l**2 + 7*l + 6. What is the tens digit of g(-3)?
1
Let s be (-2)/(-5)*(-8 + 3). What is the units digit of s*(0 - 3 - 0)?
6
Let l(g) = 2*g - 2. Let a be l(5). Let n = -5 + a. What is the units digit of 1/n*3*1?
1
Let s(x) = -4*x + 9. What is the units digit of s(-4)?
5
What is the units digit of (-10)/3*(-11 - 7)?
0
Let g be (9/6 + -3)*2. Let d be g/2*(-30)/(-9). Let n = 6 + d. What is the units digit of n?
1
Let j(w) be the third derivative of w**6/120 + w**5/12 + w**4/12 + w**3/6 - 3*w**2. What is the units digit of j(-4)?
9
Suppose 5*q = 84 - 14. What is the tens digit of q?
1
Let v(y) = y**3 - y**2 - 4*y + 17. What is the tens digit of v(6)?
7
Suppose 5*t = 44 + 1. What is the units digit of t?
9
Suppose -o + 5*p = -4*o + 83, 4*o - 108 = -4*p. What is the tens digit of o?
2
Let n be 12 - (0 + (-3 - -2)). Suppose -2*d + 6 = -0*d. Suppose -d*u + 3 = 4*j - n, 4*u + 5*j - 21 = 0. What is the units digit of u?
4
Let k(q) = -4*q**3 + q + 1. Let r be k(-1). Let p(i) = i**2 + i + 5. Let s be p(r). Suppose s = 3*w + 4. What is the units digit of w?
7
Let j = 315 + -176. What is the hundreds digit of j?
1
Let f(s) = 48*s + 6. Let v(o) = -8*o - 1. Let z(a) = 6*f(a) + 34*v(a). Let b be z(2). Suppose -4*u - 2*c + b = 6, u - 2*c = 2. What is the units digit of u?
6
What is the tens digit of (19/(-4))/(5/40*-2)?
1
Suppose -v + 7 = -2. Suppose -v = -5*t - 3*i, 5*t - 2*i - 17 = -i. What is the units digit of t?
3
Let b = 0 - -20. What is the units digit of 1/1 + 0 + b?
1
Let s be (-6)/4*(-20)/15. Let a(q) = q**3 - q**2 + 2*q. What is the units digit of a(s)?
8
Suppose -5*c = -f + 108, 5*c - 134 = -2*f + 112. What is the units digit of f?
8
Suppose -l = -2 - 0. Suppose 3*k = -l*w - 13, 0 = 4*k - 2*k + 10. What is the units digit of w?
1
What is the tens digit of (28/70)/(0 - (-2)/1810)?
6
Suppose 2*p - 5*p + 15 = 0. Suppose p*w - 26 = 4*w. Let a = w + -10. What is the units digit of a?
6
Suppose -3*g - g + 153 = -5*s, -10 = 2*s. Suppose -3*l + 5 + 4 = 0. Suppose 0 = l*j + 4*t - g, -4*j + 7*t = 3*t - 24. What is the units digit of j?
8
Let w = -8 + 3. What is the units digit of 13 + 2 + w + 2?
2
Let j = -3 + 11. Suppose j*v = 3*v + 70. What is the units digit of v?
4
Suppose -21 = 4*a + 2*b - 3, -4 = -3*a + 2*b. Let z(u) be the second derivative of -u**3/3 - u**2/2 + 3*u. What is the units digit of z(a)?
3
Let c = -33 + 58. What is the units digit of c?
5
Let p = 51 + 16. What is the units digit of p?
7
Let h(k) = k + 7. Let f be h(-3). Suppose x - 2 - f = 0. What is the units digit of x?
6
Suppose 0 = c + 2*c + 36. Let h = -19 - c. What is the units digit of (-18)/63 - 107/h?
5
Suppose -2*m = 11 - 3. What is the tens digit of 2/m + (-33)/(-2)?
1
Suppose 31 = 2*l - s, 2*l + 2*s - 11 = 17. What is the units digit of l?
5
Let y(b) = b**3 - 5*b**2 + 4*b - 2. Let d be y(3). Let h = -4 - d. What is the units digit of h?
4
Let y = -7 + 52. What is the units digit of y?
5
Suppose -5*l - 19 + 4 = 0. Let i be l + -4 + (-2)/1. What is the units digit of -2 - (i - (-2 - -3))?
8
Suppose 2*l + 4*f = l + 106, 4*l - 349 = -f. What is the tens digit of l?
8
Let w(n) = n**3 - n**2 + 2*n - 2. What is the units digit of w(2)?
6
Let i(o) = o**3 + 4*o**2 - 4*o + 7. Let p be i(-5). Suppose -3*b + 30 = p*b. What is the units digit of b?
6
Let m be 3/((-6)/(-2))*13. Suppose p - m = 2*t - 3*t, 4*t = 3*p - 4. Let v = p + -3. What is the units digit of v?
5
Let l be (2/(-3))/(4/(-6)). Suppose 0 = -4*p + 27 + l. What is the units digit of p?
7
Let h be 21/(-15) + (-4)/(-10). Let s(j) = -3*j**2 - 11*j - 6. Let r(z) = -z**2 - z + 1. Let x(y) = h*s(y) + 4*r(y). What is the units digit of x(8)?
2
Suppose -5*m = -2*z - 1154, 3*m - 5*m - z = -458. What is the units digit of m?
0
Let f(v) = v**3 - 9*v**2 + 2*v - 11. Let y be f(9). Let x(n) = -n**2 + 10*n - 1. What is the tens digit of x(y)?
2
Let r be (-6)/(-4)*(-20)/(-15). Let v(b) = -2*b + 3*b**r + 5 - 3 - 2*b. What is the units digit of v(2)?
6
Let i = -12 + -9. Let h = i - -53. What is the units digit of h?
2
Let a = 31 - 13. What is the tens digit of a?
1
Suppo